w + 77. What is u(-51)?
-25
Let i(g) = g**2 - 54*g + 726. Determine i(26).
-2
Let s(m) = 22*m + 512. Give s(-7).
358
Let k(q) = -48*q + 668. What is k(15)?
-52
Let o(c) = 9*c**2 + 7*c - 10. Give o(1).
6
Let f(o) = -2*o**3 + 13*o**2 + 55*o - 89. Determine f(9).
1
Let k(c) = -205*c**2 - 2*c - 1. Determine k(-1).
-204
Let x(t) = -t**2 + 16*t + 1116. What is x(43)?
-45
Let r(h) = 8*h**2 + 61*h - 85. Give r(-8).
-61
Let v(i) = -i**3 - 15*i**2 - 32*i - 41. Give v(-12).
-89
Let d(i) = -3*i**2 - 47*i - 105. Give d(0).
-105
Let g(r) = 32*r - 1777. Give g(55).
-17
Let t(p) = -p**3 + 40*p**2 - 6*p + 117. What is t(40)?
-123
Let v(d) = d**2 - 66*d + 342. Give v(61).
37
Let o(d) = d - 44. What is o(-17)?
-61
Let x(n) = -n**3 - 12*n**2 - 19*n - 83. Give x(-11).
5
Let h(r) = -47*r - 428. Determine h(-8).
-52
Let h(l) = -5*l - 11. What is h(-21)?
94
Let o(g) = -2*g**2 + 3*g - 55. Determine o(7).
-132
Let a(j) = 59*j**2 + 274*j + 149. Give a(-4).
-3
Let g(z) = z**2 + 5917*z - 160493. Calculate g(27).
-5
Let u(a) = -25*a**3 - 5*a**2 - 8*a - 6. Give u(-2).
190
Let z(k) = -4*k**2 - 105*k + 46. Give z(-24).
262
Let g(y) = 2*y**2 - 28*y + 36. What is g(11)?
-30
Let u(i) = -98*i + 560. Determine u(9).
-322
Let d(q) = q**3 + 12*q**2 - 640*q - 6009. Determine d(-9).
-6
Let p(o) = 133*o - 19562. Give p(147).
-11
Let q(k) = 8*k - 95. What is q(3)?
-71
Let z(r) = -r**3 - 66*r**2 + 264*r + 17332. Give z(-66).
-92
Let v(r) = -9*r**2 + 57*r + 32. Determine v(3).
122
Let u(m) = -m**3 - 46*m**2 - 207*m - 74. What is u(-41)?
8
Let y(v) = 50*v + 5095. Calculate y(-102).
-5
Let w(v) = 4*v**3 + 11*v**2 - 19*v - 16. Determine w(-6).
-370
Let j(f) = f**3 + 58*f**2 - 447*f - 43. What is j(7)?
13
Let r(f) = 161*f + 23353. Determine r(-145).
8
Let k(h) = -h**3 - 117*h**2 - 115*h + 2. Calculate k(-1).
1
Let k(r) = -15*r**3 + 75*r**2 + 46*r - 226. Determine k(5).
4
Let s(z) = -294*z - 26183. Determine s(-89).
-17
Let a(c) = -79*c - 3152. Give a(-40).
8
Let a(j) = j**3 - 57*j**2 - 59*j + 122. Determine a(58).
64
Let n(i) = -i**2 - 17*i - 24. Determine n(13).
-414
Let m(g) = -650*g - 12971. Determine m(-20).
29
Let x(k) = -8*k + 33. Calculate x(-46).
401
Let t(o) = 60*o**2 + 596*o + 43. Determine t(-10).
83
Let y(u) = 100*u + 1087. Calculate y(-11).
-13
Let u(j) = 364*j - 37133. Give u(102).
-5
Let m(c) = 3*c**2 + 198*c + 736. Give m(-4).
-8
Let s(u) = 49*u - 5828. Give s(119).
3
Let s(k) = -98*k**2 - 689*k + 22. Calculate s(-7).
43
Let u(o) = 16*o**2 - 124*o - 34. What is u(8)?
-2
Let q(m) = -12*m - 118. What is q(-16)?
74
Let f(m) = m**2 - 33*m + 157. Calculate f(9).
-59
Let d(q) = -15*q**3 - 8*q**2 + 3*q + 7. Determine d(-2).
89
Let k(l) = 345*l - 339. Give k(1).
6
Let n(b) = b**2 - 564*b + 559. Determine n(1).
-4
Let x(o) = o**2 + 136*o + 2515. What is x(-22)?
7
Let o(y) = -y**3 - 18*y**2 - 75*y - 300. Calculate o(-14).
-34
Let m(p) = 3*p**2 + 144*p + 1401. What is m(-34)?
-27
Let t(a) = -27*a + 214. Calculate t(8).
-2
Let a(z) = 5*z + 148. Determine a(-25).
23
Let c(i) = 36*i**2 + 150*i + 19. Calculate c(-4).
-5
Let j(g) = -2*g**2 - 24*g + 179. Give j(-19).
-87
Let x(t) = -17*t - 68. Give x(0).
-68
Let x(c) = c**3 + 14*c**2 - 9*c + 30. Give x(-15).
-60
Let h(g) = g**3 - 3*g**2 + 32*g - 233. Calculate h(6).
67
Let k(v) = 193*v + 240. Give k(-5).
-725
Let d(y) = y**2 + 1701*y + 1700. What is d(-1)?
0
Let t(f) = 2*f**3 - 203*f**2 + 296*f + 398. What is t(100)?
-2
Let u(n) = 98*n - 6956. Give u(71).
2
Let n(t) = -t**3 + 5*t**2 - 11*t + 6. Calculate n(6).
-96
Let g(p) = 2*p**2 + 67*p + 357. What is g(-6)?
27
Let u(g) = -825*g + 2474. What is u(3)?
-1
Let a(l) = 1354*l - 10822. Calculate a(8).
10
Let j(k) = k**3 - 20*k**2 - 32*k + 38. Determine j(21).
-193
Let t(l) = -38*l - 289. Give t(-8).
15
Let i(w) = w**3 - 10*w**2 - 35*w + 408. Calculate i(8).
0
Let f(w) = -348*w - 677. Determine f(-2).
19
Let x(d) = -7*d - 63. Determine x(2).
-77
Let s(l) = -l**3 - 18*l**2 - 60*l - 47. Calculate s(-14).
9
Let t(d) = d**3 + 24*d**2 + 52*d + 16. Determine t(-21).
247
Let d(u) = 8*u**3 + 3*u**2 + 26*u + 25. Determine d(-1).
-6
Let g(o) = o**3 - 54*o**2 + 52*o + 16. What is g(53)?
-37
Let m(h) = -111*h - 1104. Determine m(-10).
6
Let f(q) = 281*q + 3647. Determine f(-13).
-6
Let d(k) = 151*k + 733. Calculate d(-5).
-22
Let a(k) = -2*k**3 + 212*k**2 - 417*k + 225. Determine a(104).
121
Let d(l) = 11481*l - 68905. Calculate d(6).
-19
Let j(q) = 20*q - 123. Determine j(9).
57
Let c(k) = -k**3 + 3*k**2 - 6*k + 27. Calculate c(4).
-13
Let a(j) = 234*j + 471. Calculate a(-2).
3
Let g(f) = 8*f**2 + 145*f - 21. Calculate g(-18).
-39
Let r(c) = c**3 + 8*c**2 + 9*c - 18. Calculate r(-7).
-32
Let z(b) = 95*b - 1274. What is z(3)?
-989
Let j(u) = -u**2 + 115*u + 1. Determine j(0).
1
Let x(f) = f**3 - 76*f**2 - 160*f + 314. What is x(78)?
2
Let d(s) = -s**3 - 5*s**2 + 171*s + 1216. What is d(-9)?
1
Let y(p) = 27*p**2 + 177*p - 86. Determine y(-7).
-2
Let i(a) = -650*a - 1910. Determine i(-3).
40
Let o(i) = -5*i**2 + 365*i - 6108. Determine o(26).
2
Let t(i) = 323*i - 509. What is t(2)?
137
Let d(q) = q**3 - 11*q**2 - 5*q - 76. What is d(12)?
8
Let k(a) = -a**2 + 106*a + 1533. Give k(116).
373
Let m(b) = b**3 + 3*b**2 - 11*b - 22. Give m(-6).
-64
Let w(b) = -b**3 + 112*b**2 - 315*b - 1316. Give w(109).
-8
Let w(j) = j**2 + 41*j + 207. Determine w(-5).
27
Let s(l) = 23*l + 191. What is s(-17)?
-200
Let a(f) = 3*f**3 + 169*f**2 - 300*f - 592. Determine a(-58).
-12
Let r(x) = 74*x + 11320. Determine r(-153).
-2
Let i(w) = 3*w**2 + 64*w + 47. Determine i(-22).
91
Let s(g) = -3*g**3 + 245*g**2 + 86*g - 321. Determine s(82).
7
Let c(q) = -3*q**2 + 60*q + 54. Give c(23).
-153
Let o(k) = k**3 - 7*k**2 - 15*k + 61. Determine o(8).
5
Let j(m) = -20*m + 686. Give j(38).
-74
Let v(w) = -4*w**3 + 10*w**2 - 4*w - 4. Calculate v(1).
-2
Let x(j) = -633*j + 17714. Determine x(28).
-10
Let q(j) = 906*j + 4218. Give q(-5).
-312
Let b(u) = u**3 + 8*u**2 - 27*u - 66. What is b(-10)?
4
Let o(i) = 162*i + 1083. Calculate o(-7).
-51
Let z(a) = a**2 - 32*a - 105. Determine z(36).
39
Let a(r) = -r**2 - 20*r - 77. Give a(-5).
-2
Let j(n) = 7*n**3 + 4*n**2 - 3*n - 15. Determine j(3).
201
Let r(q) = -q**2 - 42*q + 1158. Calculate r(-53).
575
Let a(z) = 3*z**3 - 715*z**2 + 236*z + 457. Give a(238).
-19
Let k(j) = 14*j**2 - 42*j + 14. Determine k(3).
14
Let x(n) = -20*n**2 + 66*n - 206. What is x(3)?
-188
Let i(g) = -47*g - 1248. What is i(-27)?
21
Let r(v) = -v**3 + 28*v**2 - 31*v + 144. Determine r(27).
36
Let q(w) = -999*w + 17993. Determine q(18).
11
Let n(t) = -2*t**2 - 161*t + 1149. Calculate n(-87).
18
Let r(h) = -10*h**2 - 4*h - 23. Calculate r(-4).
-167
Let u(r) = 38*r**3 - 6*r**2 + 5*r + 4. Determine u(1).
41
Let x(g) = -g**2 - 1580*g + 35248. Determine x(22).
4
Let j(q) = 57*q + 529. What is j(-19)?
-554
Let b(f) = 147*f**2 - 3*f - 2. Determine b(-1).
148
Let x(k) = -3*k**2 - 65*k - 42. What is x(-21)?
0
Let o(b) = 2218*b + 95372. Give o(-43).
-2
Let z(l) = -2*l**2 - 4*l - 5. Give z(-5).
-35
Let q(w) = -w**2 - 7242*w - 36180. Give q(-5).
5
Let n(l) = 1892*l - 41616. What is n(22)?
8
Let r(q) = 24*q + 746. What is r(-35)?
-94
Let l(y) = 2*y**2 - 918*y - 7471. Give l(-8).
1
Let s(w) = w**3 + 11*w**2 - 100*w + 31. Determine s(-17).
-3
Let z(j) = 9*j**3 + j**2 + 8*j - 10. What is z(1)?
8
Let v(t) = 277*t + 1662. What is v(-6)?
0
Let w(d) = 3*d**2 - 7*d - 35. Determine w(5).
5
Let f(k) = 15*k**2 + 705*k + 6. Calculate f(-47).
6
Let w(c) = 46*c + 5289. What is w(-115)?
-1
Let t(f) = 71*f - 712. Give t(10).
-2
Let o(g) = 3*g - 88. Calculate o(37).
23
Let b(h) = 77*h - 2314. Determine b(30).
-4
Let t(n) = -842*n - 5041. Calculate t(-6).
11
Let q(v) = 3*v**2 - 159*v - 155. What is q(54)?
7
Let b(c) = 89*c**2 - 84*c + 5. Calculate b(1).
10
Let x(g) = 92*g**2 + 259*g - 17. What is x(-3)?
34
Let v(n) = -936*n - 1851. Give v(-2).
21
Let x(i) = -8*i**2 - 124*i - 392. Give x(-11).
4
Let s(o) = 22*o - 45. Determine s(5).
65
Let a(p) = 1690*p - 23699. What is a(14)?
-39
Let k(s) = s**2 - 365*s - 1466. Calculate k(-4).
10
Let o(p) = -2*p**3 - 176*p**2 + 161*p - 1507. Give o(-89).
6
Let j(c) = 5*c + 131. Calculate j(5).
156
Let w(j) = -9*j + 269. Calculate w(17).
116
Let t(a) = 938*a - 332050. Give t(354).
2
Let l(p) = -49*p + 2733. Give l(56).
-11
L